8
What is the remainder when 69 is divided by 15?
9
What is the remainder when 346 is divided by 58?
56
Calculate the remainder when 45 is divided by 32.
13
What is the remainder when 183 is divided by 61?
0
What is the remainder when 1131 is divided by 21?
18
What is the remainder when 100 is divided by 27?
19
Calculate the remainder when 469 is divided by 47.
46
What is the remainder when 3390 is divided by 29?
26
Calculate the remainder when 99 is divided by 54.
45
Calculate the remainder when 195 is divided by 116.
79
Calculate the remainder when 1586 is divided by 507.
65
What is the remainder when 33 is divided by 17?
16
What is the remainder when 1965 is divided by 123?
120
What is the remainder when 484 is divided by 59?
12
What is the remainder when 1691 is divided by 70?
11
What is the remainder when 647 is divided by 59?
57
Calculate the remainder when 40 is divided by 32.
8
What is the remainder when 12420 is divided by 123?
120
Calculate the remainder when 1358 is divided by 40.
38
Calculate the remainder when 2815 is divided by 117.
7
What is the remainder when 193 is divided by 74?
45
What is the remainder when 77 is divided by 6?
5
Calculate the remainder when 1669 is divided by 38.
35
What is the remainder when 363 is divided by 134?
95
Calculate the remainder when 206 is divided by 9.
8
Calculate the remainder when 677 is divided by 69.
56
Calculate the remainder when 624 is divided by 21.
15
What is the remainder when 331 is divided by 16?
11
Calculate the remainder when 166 is divided by 95.
71
Calculate the remainder when 135 is divided by 75.
60
Calculate the remainder when 1425 is divided by 21.
18
Calculate the remainder when 94 is divided by 13.
3
What is the remainder when 1139 is divided by 104?
99
What is the remainder when 138 is divided by 79?
59
Calculate the remainder when 238 is divided by 10.
8
What is the remainder when 2201 is divided by 4?
1
Calculate the remainder when 25 is divided by 23.
2
What is the remainder when 123 is divided by 43?
37
What is the remainder when 2884 is divided by 74?
72
What is the remainder when 11621 is divided by 39?
38
Calculate the remainder when 162 is divided by 56.
50
Calculate the remainder when 363 is divided by 41.
35
Calculate the remainder when 334 is divided by 4.
2
What is the remainder when 797 is divided by 785?
12
Calculate the remainder when 6898 is divided by 46.
44
Calculate the remainder when 205 is divided by 53.
46
Calculate the remainder when 234 is divided by 117.
0
What is the remainder when 214 is divided by 18?
16
Calculate the remainder when 457 is divided by 40.
17
Calculate the remainder when 2888 is divided by 959.
11
What is the remainder when 519 is divided by 30?
9
Calculate the remainder when 225 is divided by 21.
15
Calculate the remainder when 105 is divided by 60.
45
What is the remainder when 309 is divided by 50?
9
Calculate the remainder when 173 is divided by 25.
23
What is the remainder when 731 is divided by 128?
91
What is the remainder when 294 is divided by 12?
6
What is the remainder when 190 is divided by 58?
16
What is the remainder when 314 is divided by 29?
24
What is the remainder when 6920 is divided by 9?
8
Calculate the remainder when 177 is divided by 20.
17
What is the remainder when 4143 is divided by 257?
31
Calculate the remainder when 111 is divided by 19.
16
What is the remainder when 4218 is divided by 703?
0
Calculate the remainder when 4309 is divided by 44.
41
Calculate the remainder when 551 is divided by 21.
5
What is the remainder when 809 is divided by 37?
32
What is the remainder when 136 is divided by 23?
21
Calculate the remainder when 65 is divided by 39.
26
What is the remainder when 105 is divided by 24?
9
Calculate the remainder when 1598 is divided by 39.
38
Calculate the remainder when 3309 is divided by 10.
9
What is the remainder when 4531 is divided by 12?
7
What is the remainder when 456 is divided by 3?
0
What is the remainder when 2050 is divided by 15?
10
Calculate the remainder when 331 is divided by 112.
107
What is the remainder when 1063 is divided by 7?
6
Calculate the remainder when 3389 is divided by 16.
13
What is the remainder when 12165 is divided by 234?
231
What is the remainder when 3143 is divided by 93?
74
What is the remainder when 202 is divided by 41?
38
Calculate the remainder when 644 is divided by 38.
36
What is the remainder when 486 is divided by 128?
102
What is the remainder when 152 is divided by 13?
9
What is the remainder when 695 is divided by 342?
11
Calculate the remainder when 2274 is divided by 23.
20
What is the remainder when 789 is divided by 6?
3
What is the remainder when 403 is divided by 50?
3
Calculate the remainder when 4264 is divided by 49.
1
What is the remainder when 2033 is divided by 59?
27
What is the remainder when 63 is divided by 60?
3
Calculate the remainder when 144 is divided by 127.
17
Calculate the remainder when 126 is divided by 65.
61
What is the remainder when 512 is divided by 32?
0
Calculate the remainder when 93 is divided by 10.
3
What is the remainder when 86 is divided by 11?
9
What is the remainder when 39 is divided by 6?
3
Calculate the remainder when 116 is divided by 11.
6
Calculate the remainder when 448 is divided by 9.
7
What is the remainder when 293 is divided by 71?
9
Calculate the remainder when 37 is divided by 12.
1
Calculate the remainder when 4172 is divided by 116.
112
What is the remainder when 404 is divided by 5?
4
What is the remainder when 414 is divided by 14?
8
Calculate the remainder when 368 is divided by 76.
64
What is the remainder when 4365 is divided by 17?
13
What is the remainder when 241 is divided by 57?
13
What is the remainder when 8509 is divided by 30?
19
Calculate the remainder when 4400 is divided by 62.
60
Calculate the remainder when 1868 is divided by 144.
140
What is the remainder when 4805 is divided by 8?
5
Calculate the remainder when 593 is divided by 24.
17
Calculate the remainder when 127 is divided by 95.
32
What is the remainder when 59 is divided by 8?
3
Calculate the remainder when 262 is divided by 55.
42
What is the remainder when 1247 is divided by 78?
77
What is the remainder when 599 is divided by 5?
4
Calculate the remainder when 2643 is divided by 241.
233
What is the remainder when 1599 is divided by 18?
15
Calculate the remainder when 3344 is divided by 134.
128
Calculate the remainder when 26 is divided by 9.
8
Calculate the remainder when 139 is divided by 29.
23
What is the remainder when 3100 is divided by 1549?
2
What is the remainder when 479 is divided by 304?
175
Calculate the remainder when 56 is divided by 32.
24
Calculate the remainder when 244 is divided by 7.
6
What is the remainder when 1323 is divided by 3?
0
Calculate the remainder when 1382 is divided by 9.
5
What is the remainder when 2159 is divided by 6?
5
What is the remainder when 514 is divided by 24?
10
What is the remainder when 232 is divided by 9?
7
Calculate the remainder when 110 is divided by 19.
15
What is the remainder when 520 is divided by 53?
43
What is the remainder when 179 is divided by 54?
17
Calculate the remainder when 187 is divided by 49.
40
What is the remainder when 18604 is divided by 21?
19
Calculate the remainder when 13 is divided by 7.
6
Calculate the remainder when 277 is divided by 41.
31
What is the remainder when 92 is divided by 27?
11
Calculate the remainder when 67555 is divided by 34.
31
Calculate the remainder when 940 is divided by 35.
30
What is the remainder when 31 is divided by 21?
10
Calculate the remainder when 1484 is divided by 5.
4
What is the remainder when 1085 is divided by 32?
29
Calculate the remainder when 2427 is divided by 143.
139
What is the remainder when 1836 is divided by 52?
16
Calculate the remainder when 89 is divided by 48.
41
Calculate the remainder when 872 is divided by 442.
430
Calculate the remainder when 177 is divided by 36.
33
Calculate the remainder when 3 is divided by 1.
0
Calculate the remainder when 1473 is divided by 36.
33
What is the remainder when 127 is divided by 26?
23
Calculate the remainder when 1027 is divided by 126.
19
Calculate the remainder when 541 is divided by 26.
21
Calculate the remainder when 90